320. What are the prime factors of f?
2, 7
Let z(m) = m**3 + 6*m**2 + 4*m + 3. Let y be 10*(10/(-15))/((-4)/(-3)). Let b be z(y). Suppose -244 = -b*f + 6*f. What are the prime factors of f?
2, 61
Let b be -14*((-2)/(-6) + (-19)/(-6)). Let i = 51 + b. Suppose 0 = i*f - f - 129. List the prime factors of f.
3, 43
Let z(s) = -13*s + 116. Let d = -288 + 282. What are the prime factors of z(d)?
2, 97
Let f(d) = d**2 - 9*d - 83. What are the prime factors of f(-9)?
79
Suppose -6*t - 12388 = -4*q - 7*t, t - 4 = 0. Suppose 0 = -13*v + 648 + q. What are the prime factors of v?
2, 3
Suppose 0 = -p + 1, -3*v - 3*p - 2*p = -20555. What are the prime factors of v?
2, 5, 137
Suppose -11*k + 64536 = 3*r - 6*k, 3*k = 2*r - 43062. What are the prime factors of r?
2, 3, 17, 211
Let f(r) = -249*r + 7933. List the prime factors of f(-75).
2, 1663
What are the prime factors of 3/((-18)/(-75324))*(-2 - (-3 - 1))?
2, 6277
Suppose 0 = -3*l - 23 - 34. Let o(f) = -71*f + 137. List the prime factors of o(l).
2, 743
Let p be (22243/177)/((-2)/(-6)). Let b = p - 208. List the prime factors of b.
13
Let a(v) = v**3 + 24*v**2 - 22*v + 31. Let f be a(-25). Let u = f + 456. What are the prime factors of u?
2, 103
Suppose 4*r + 16 = -3*m, 13*m - 5*r = 16*m + 20. What are the prime factors of 158/(4/8 + 0 + m)?
2, 79
Let n(j) = -j**3 - 6*j**2 - 2*j + 28. Let f be n(-4). Let v(a) = -12 - 8*a + 0*a + 43*a. List the prime factors of v(f).
2
Suppose -z + 0*c = 2*c + 7, -12 = 2*z + 3*c. What are the prime factors of (-1)/z*-15 + 803?
2, 3, 7, 19
Let n(o) = -o**3 + 18*o**2 - 19*o - 5. Let x be n(17). Let l = x + 34. Let d(b) = 7*b**2 - b - 1. What are the prime factors of d(l)?
179
Let p be (8/7)/((-2)/(-7)). Let z be -2 + 1 + (p - 0). Suppose 4*l = -0*h + 4*h - 60, z*h - 53 = l. List the prime factors of h.
19
What are the prime factors of (42290/(-45))/((-2)/18*5/5)?
2, 4229
Let r(d) = 6903*d + 64. What are the prime factors of r(1)?
6967
Let y = -63 + 70. Let a(u) = 34*u + 102. What are the prime factors of a(y)?
2, 5, 17
Let t = 13196 + -678. List the prime factors of t.
2, 11, 569
Suppose 1097*b = 1063*b + 1747804. List the prime factors of b.
2, 25703
Let o(u) = u**3 + 49*u**2 - 8*u - 80. List the prime factors of o(-21).
2, 3109
Let s(q) = 2258*q - 1393. List the prime factors of s(22).
53, 911
Suppose -2*n = 4*q + q - 16, 0 = -4*q - 4*n + 20. Suppose -3*c + c - 4 = -2*b, -q*c = 0. List the prime factors of 23/(b + (82/(-14) - -4)).
7, 23
Let k = -2619 - -5046. List the prime factors of k.
3, 809
What are the prime factors of 0 + 25/20 + 416992/128?
3259
Let b = -58 - -63. Suppose -4*i - 4 - 10 = p, -2*p - b*i = 25. What are the prime factors of (p/(-20))/(1*1/82)?
41
What are the prime factors of (-56580)/48*-44 + 16?
29, 1789
Let k(y) = y**2 - 12*y - 19. Let i(m) = -m**2 + 12*m - 6. Let g be i(10). Let d be -1 - (-3 - g) - 0/(-2). List the prime factors of k(d).
3, 5
Suppose 2*k = -5*q - 15, 3*k + 10 = -5. Let f be ((-1518)/(-5))/(q/20*-4). Suppose -11*z + 1276 = -f. List the prime factors of z.
2, 127
Let n = 69 - 64. Suppose 3*q - 358 = 4*g + 15, 5*q + n*g = 680. List the prime factors of q.
131
Let s(d) = -3*d**3 + d**2 + 3*d + 1. Let h be s(-2). Let x = h + -16. List the prime factors of 873/x - (-18)/63.
5
Let r(j) = -j**2 + 5*j + 16. Let g be r(7). Let q(x) = -x + 4*x + x**3 - 5*x - 2*x**g + 4. What are the prime factors of q(5)?
3, 23
Let u(j) = 431*j**2 - 256*j + 1040. List the prime factors of u(4).
2, 3
Let y = -40 - -45. Suppose 4*h = k - 395, -3*k + y*h + 1026 = -194. Suppose -g - j = -77, 5*g + 2*j = 7*j + k. List the prime factors of g.
2, 5
Suppose -3*k = 3*i - i - 22, 4*k = 0. Suppose 1155 = i*w - 8*w. What are the prime factors of w?
5, 7, 11
Let m(q) = 115*q - 11. Let w be m(7). Suppose -4846 = -10*o + w. What are the prime factors of o?
2, 3, 47
Suppose -5*w + 92 = -3*n, -2*w = -4*n - 37 - 11. Suppose -f = w*z - 21*z + 1086, -3 = 3*f. List the prime factors of z.
7, 31
Let g = 53 - 150. List the prime factors of (-1 - -3) + 3 + -7 - g.
5, 19
Let l(h) = -5*h - 27. Let x be l(-13). Let z = x - 34. Suppose -291 = -5*v + z. List the prime factors of v.
59
Let g = 15013 + 1367. List the prime factors of g.
2, 3, 5, 7, 13
Suppose 3 = -t - q + 2, 2*q = -4*t - 2. What are the prime factors of (-615)/6*-6 - t/3?
3, 5, 41
List the prime factors of 4/10*(-10)/(-6)*(-210540)/(-8).
5, 11, 29
Let t(a) = 16*a - 82. Let s be t(17). Suppose d - 4*g - 188 = -2*g, -d + s = -g. List the prime factors of d.
2, 3
List the prime factors of (-50 - -53) + (4583 - 1).
5, 7, 131
Let w = -40981 - -77905. List the prime factors of w.
2, 3, 17, 181
Let t(f) be the third derivative of 0*f - 1/10*f**5 + 5/6*f**3 + 1/60*f**6 - 1/12*f**4 + 0 + 16*f**2. List the prime factors of t(5).
5, 19
Let h(l) = 47*l**2 + 15*l - 96. Let s be h(6). Suppose 0 = 3*x - 5*v - 1686, -3*x + 0*x - 2*v = -s. List the prime factors of x.
2, 281
Suppose -220*m + 226*m - 43194 = 0. List the prime factors of m.
23, 313
Let t(u) = -3*u**2 + 3*u - 2. Let o be t(1). List the prime factors of o + -4 + 6 - -203.
7, 29
Suppose 4*j + 806 = 2*d, 0 = -2*d - 56 + 46. What are the prime factors of 2/(-17) - 156084/j?
3, 5, 17
List the prime factors of 2028/(-845) - (-332734)/10.
7, 97
Let s(b) = -8*b - 34. Let i(l) = l - 17. Let t be i(11). Let m be s(t). Suppose 530 = m*p - 4*p. List the prime factors of p.
53
Suppose 6*v - 106*v + 2303643 = -1018357. What are the prime factors of v?
2, 5, 11, 151
Suppose 5*w - 117090 = -5*m, -3*w = 3*m + w - 70261. What are the prime factors of m?
41, 571
Let k(x) = 1214*x**2 - 77*x - 76. What are the prime factors of k(-5)?
23, 31, 43
Let i be 1017*15 + (-16)/(-24)*-9. List the prime factors of 1/4 + -3 + i/12.
2, 317
Let r(i) = i**2 + 7*i - 3. Let g be r(-7). Let t be (-930)/8 - g/12. Let z = t + 294. List the prime factors of z.
2, 89
Suppose -2*x - 6 = -3*t - 4, -4*t + 2*x = -6. Suppose 3146 = 3*o + v, -t*v = 5 + 11. List the prime factors of o.
2, 3, 5, 7
Suppose -39 = 5*s - 9. List the prime factors of (-4)/s - 645/(-45).
3, 5
Let d = -21 - -23. Suppose -2*p = -10 + d, 732 = 4*w + 4*p. List the prime factors of w.
179
Let i = 1022 - -3132. What are the prime factors of i?
2, 31, 67
Let x(v) = -16*v + 20. Let k be x(-11). List the prime factors of (k/84)/(1 - 1144/1146).
7, 191
Suppose 2*w - 4 = 2*u, -3*u - 4*w + 35 = 2*u. Suppose u*b = -2*f + 19, -f + 23 = -b + 4*b. Suppose -6*x + b*x = 465. List the prime factors of x.
5, 31
Suppose 0 = 6*n - 17*n + 33. Suppose n - 6 = 3*l. List the prime factors of 196 + 4 + l*4/1.
2, 7
Suppose 34 = -n - 14. Let i = n + 489. List the prime factors of i.
3, 7
Suppose 11*v - 640 = -5*v. Suppose v*x = 69*x - 38686. List the prime factors of x.
2, 23, 29
What are the prime factors of (-8)/(-180) + 6418158/270?
11, 2161
Let i(k) = -3*k**2 - 82*k - 550. List the prime factors of i(-12).
2
What are the prime factors of 19383455/315 + (-63)/81?
2, 11, 2797
Let s be (-24)/((4 - 0)/(0 + -2)). List the prime factors of -2*2/s - (-50738)/69.
3, 5, 7
Let j be 12 - (0/(-1) + 0 + 4). Suppose j*p + 10 = 3*p, 2*p + 728 = 2*f. What are the prime factors of f?
2, 181
Let h = -16 + 17. Let l(b) = 14*b**2 - 1. Let a be l(h). Suppose a = 4*g - 7. What are the prime factors of g?
5
Suppose -109*c + 1151010 = -51*c. What are the prime factors of c?
3, 5, 7
What are the prime factors of (((-35)/(-7))/5)/(4/23704)?
2, 2963
Let a(r) be the first derivative of r**3/3 + 6*r**2 - 20*r - 319. Suppose -7*p + 3*p = 60. List the prime factors of a(p).
5
Let z(f) = -199*f - 4. Let a be z(-2). Let o be a + (3 - 6) + (3 - 1). Suppose -14*n + o = -11*n. List the prime factors of n.
131
Suppose -664 = f - 3*s - 5323, 0 = -5*f - s + 23263. List the prime factors of f.
3, 11, 47
Let l be 108/(-540) - 1631/(-5). Let d(r) = -r**3 - 2*r + 3. Let s be d(6). Let i = l + s. List the prime factors of i.
101
Suppose -65*q - 61*q - 48136 = -130*q. List the prime factors of q.
2, 11, 547
Suppose 18*a - 45 - 45 = 0. What are the prime factors of a/20 + (25767/(-12))/(-3)?
2, 179
Let z(i) = 2*i - 38 - 23 + i + 38. Let a be z(10). Suppose 105 = a*p - 210. What are the prime factors of p?
3, 5
Let f be ((-3)/5 + 0)*(-31 + 16). Suppose f*l = 11 + 7. Suppose p + 4*p - l*u = 646, 4*u = -p + 116. What